 373
List the prime factors of 711817.
711817
List the prime factors of 2305037.
7, 23, 103, 139
What are the prime factors of 4808602?
2, 113, 21277
What are the prime factors of 1470492?
2, 3, 40847
What are the prime factors of 548757?
3, 11, 23, 241
What are the prime factors of 2451904?
2, 7, 13, 421
What are the prime factors of 1642976?
2, 51343
What are the prime factors of 2382443?
7, 31, 10979
List the prime factors of 3513415.
5, 702683
What are the prime factors of 3491530?
2, 5, 7, 31, 1609
List the prime factors of 8256.
2, 3, 43
List the prime factors of 8034797.
23, 31, 59, 191
What are the prime factors of 1238113?
23, 53831
What are the prime factors of 5088382?
2, 13, 23, 67, 127
List the prime factors of 3731110.
2, 5, 43, 8677
List the prime factors of 1645450.
2, 5, 32909
List the prime factors of 1037984.
2, 163, 199
List the prime factors of 1400999.
23, 60913
What are the prime factors of 325738?
2, 7, 53, 439
What are the prime factors of 13279?
7, 271
List the prime factors of 6917193.
3, 131, 5867
List the prime factors of 4245612.
2, 3, 7, 50543
List the prime factors of 102443.
11, 67, 139
List the prime factors of 2620215.
3, 5, 13, 1493
List the prime factors of 1689245.
5, 131, 2579
What are the prime factors of 2965128?
2, 3, 123547
What are the prime factors of 17971912?
2, 7, 320927
List the prime factors of 7240645.
5, 587, 2467
What are the prime factors of 2513655?
3, 5, 83, 673
List the prime factors of 687766.
2, 31, 11093
List the prime factors of 1505534.
2, 23, 1423
List the prime factors of 963236.
2, 257, 937
What are the prime factors of 372038?
2, 186019
What are the prime factors of 2580042?
2, 3, 430007
List the prime factors of 3964113.
3, 146819
What are the prime factors of 312584?
2, 41, 953
List the prime factors of 941405.
5, 188281
List the prime factors of 2603780.
2, 5, 101, 1289
What are the prime factors of 306335?
5, 197, 311
List the prime factors of 38660503.
7, 31, 163, 1093
What are the prime factors of 3743840?
2, 5, 23399
List the prime factors of 6766.
2, 17, 199
List the prime factors of 3021366.
2, 3, 83, 6067
List the prime factors of 344029.
7, 17, 59
What are the prime factors of 4725014?
2, 7, 17, 19853
What are the prime factors of 356794?
2, 178397
What are the prime factors of 793211?
223, 3557
List the prime factors of 625362.
2, 3, 17, 6131
List the prime factors of 222025.
5, 83, 107
List the prime factors of 73774.
2, 36887
List the prime factors of 867262.
2, 11, 79, 499
What are the prime factors of 20510920?
2, 5, 181, 2833
What are the prime factors of 783560?
2, 5, 19, 1031
What are the prime factors of 12133?
11, 1103
List the prime factors of 450152.
2, 56269
List the prime factors of 5255356.
2, 1313839
List the prime factors of 543647.
13, 19, 31, 71
List the prime factors of 443992.
2, 19, 23, 127
What are the prime factors of 3372585?
3, 5, 151, 1489
List the prime factors of 6896873.
1553, 4441
List the prime factors of 3086260.
2, 5, 154313
What are the prime factors of 110034?
2, 3, 6113
What are the prime factors of 15936731?
71, 224461
List the prime factors of 132030.
2, 3, 5, 163
List the prime factors of 142014.
2, 3, 23669
What are the prime factors of 73858?
2, 36929
List the prime factors of 226218.
2, 3, 37, 1019
What are the prime factors of 60968?
2, 7621
What are the prime factors of 58507?
41, 1427
What are the prime factors of 314627?
314627
What are the prime factors of 2517521?
43, 127, 461
What are the prime factors of 2098225?
5, 17, 4937
What are the prime factors of 354123?
3, 7, 11, 73
What are the prime factors of 4648542?
2, 3, 774757
What are the prime factors of 1544176?
2, 103, 937
What are the prime factors of 79033?
17, 4649
List the prime factors of 859895.
5, 229, 751
List the prime factors of 2691905.
5, 103, 5227
List the prime factors of 2336123.
17, 131, 1049
List the prime factors of 7648403.
7, 1092629
List the prime factors of 2927557.
97, 30181
What are the prime factors of 305983?
17, 41, 439
List the prime factors of 9575196.
2, 3, 797933
List the prime factors of 334287.
3, 4127
List the prime factors of 982644.
2, 3, 13, 6299
List the prime factors of 491281.
7, 70183
List the prime factors of 7115594.
2, 3557797
What are the prime factors of 2704825?
5, 108193
What are the prime factors of 7184326?
2, 23, 47, 3323
List the prime factors of 346311.
3, 7, 23, 239
List the prime factors of 849833.
849833
List the prime factors of 5514889.
181, 30469
List the prime factors of 930512.
2, 11, 17, 311
What are the prime factors of 3523404?
2, 3, 293617
What are the prime factors of 5303298?
2, 3, 7, 11, 13, 883
List the prime factors of 3218127.
3, 11, 113, 863
List the prime factors of 3356993.
3356993
What are the prime factors of 180740?
2, 5, 7, 1291
What are the prime factors of 153801?
3, 23, 743
What are the prime factors of 13340710?
2, 5, 1334071
What are the prime factors of 14852365?
5, 11, 23, 59, 199
List the prime factors of 942805.
5, 193, 977
What are the prime factors of 2941232?
2, 7, 26261
What are the prime factors of 1473357?
3, 23, 131, 163
What are the prime factors of 2798502?
2, 3, 7, 23, 2897
What are the prime factors of 717476?
2, 179369
What are the prime factors of 42355456?
2, 11, 13, 89
What are the prime factors of 4472955?
3, 5, 17, 1949
What are the prime factors of 272895?
3, 5, 7, 23, 113
List the prime factors of 1628776.
2, 73, 2789
List the prime factors of 2675368.
2, 334421
What are the prime factors of 208787?
208787
List the prime factors of 18200538.
2, 3, 112349
List the prime factors of 561350.
2, 5, 103, 109
What are the prime factors of 713842?
2, 241, 1481
List the prime factors of 214406.
2, 23, 59, 79
What are the prime factors of 65596?
2, 23, 31
List the prime factors of 299128.
2, 139, 269
What are the prime factors of 1323246?
2, 3, 17, 12973
List the prime factors of 3674126.
2, 29, 63347
What are the prime factors of 1238238?
2, 3, 68791
What are the prime factors of 342604?
2, 97, 883
List the prime factors of 180533.
180533
What are the prime factors of 377715?
3, 5, 13, 149
List the prime factors of 2028187.
7, 289741
What are the prime factors of 188752?
2, 47, 251
What are the prime factors of 9041353?
71, 127343
List the prime factors of 186386.
2, 41, 2273
What are the prime factors of 1392314?
2, 7, 11, 9041
What are the prime factors of 526979?
53, 61, 163
What are the prime factors of 3798910?
2, 5, 23, 83, 199
List the prime factors of 225320.
2, 5, 43, 131
What are the prime factors of 592754?
2, 296377
What are the prime factors of 752620?
2, 5, 11, 311
List the prime factors of 2108229.
3, 702743
List the prime factors of 5275868.
2, 13, 71, 1429
What are the prime factors of 2328829?
2328829
List the prime factors of 7284975.
3, 5, 137, 709
List the prime factors of 1018505.
5, 31, 6571
List the prime factors of 16604110.
2, 5, 1660411
List the prime factors of 5556066.
2, 3, 277, 3343
What are the prime factors of 697099?
13, 53623
What are the prime factors of 214579?
89, 2411
What are the prime factors of 143872?
2, 281
List the prime factors of 1004934.
2, 3, 7, 71, 337
What are the prime factors of 218875?
5, 17, 103
What are the prime factors of 15524154?
2, 3, 83, 10391
List the prime factors of 182875.
5, 7, 11, 19
What are the prime factors of 14695620?
2, 3, 5, 23, 463
List the prime factors of 1867564.
2, 31, 15061
List the prime factors of 6258095.
5, 971, 1289
List the prime factors of 7660872.
2, 3, 29, 1223
What are the prime factors of 11346253?
11346253
What are the prime factors of 489937?
7, 69991
List the prime factors of 286794.
2, 3, 47, 113
List the prime factors of 547857.
3, 103, 197
What are the prime factors of 2033552?
2, 149, 853
List the prime factors of 2335306.
2, 1167653
What are the prime factors of 385394?
2, 192697
List the prime factors of 20335236.
2, 3, 1694603
What are the prime factors of 793476?
2, 3, 31, 79
What are the prime factors of 1828649?
1828649
What are the prime factors of 15720303?
3, 5240101
List the prime factors of 36606.
2, 3, 6101
What are the prime factors of 13713485?
5, 53, 51749
List the prime factors of 6662733.
3, 7, 11, 28843
List the prime factors of 274222.
2, 13, 53, 19